{"id":4264,"date":"2017-10-04T19:18:43","date_gmt":"2017-10-04T17:18:43","guid":{"rendered":"https:\/\/www.diarioelectronicohoy.com\/blog\/?page_id=4264"},"modified":"2017-10-04T19:18:43","modified_gmt":"2017-10-04T17:18:43","slug":"sobre-mi","status":"publish","type":"page","link":"https:\/\/www.diarioelectronicohoy.com\/blog\/sobre-mi","title":{"rendered":"Sobre mi&#8230;"},"content":{"rendered":"<p>\u00a1\u00a1Hola!! Mis respetos a todos mis visitantes y sobre todo, espero que encuentren lo que esperan.<\/p>\n<p>El autor de la presente p\u00e1gina, ha tenido la gran suerte de haber pasado por diversos empleos y de todos, ha extra\u00eddo la mejor parte, ha bebido de ellos, al tiempo que disfrutaba con el desarrollo diario de los mismos como profesional y superaci\u00f3n personal. No todos lo logran, lo siento por ellos. Ciertamente mi esposa y familia, tienen mucho que ver con esto.<\/p>\n<p>Justo es reconocerlo.<\/p>\n<p>El secreto es, pensar en positivo, pensar que en ese puesto s\u00f3lo t\u00fa, puedes rendir al m\u00e1ximo, ya que s\u00f3lo as\u00ed, te sentir\u00e1s hecho a ti mismo.<\/p>\n<p>Al principio, estuve empleado trece a\u00f1os, en un taller, como mec\u00e1nico industrial, pas\u00e9 desde aprendiz a oficial de segunda categor\u00eda, como t\u00e9cnico en \u00e1reas de combusti\u00f3n externa, soldadura blanda, dura y continua, electricista y electr\u00f3nico.<\/p>\n<p>Posteriormente, por que el destino as\u00ed lo quiso, form\u00e9 una empresa de equipos de electr\u00f3nica, luego, anduve alg\u00fan tiempo como t\u00e9cnico de sonido e instalaciones, para empresas de la l\u00ednea marr\u00f3n, una \u00e9poca dura.<\/p>\n<p>El mundo de la electr\u00f3nica me llamaba, cuando ten\u00eda tiempo, le dedicaba algunas horas a prepararme y otras veces como t\u00e9cnico en reparaci\u00f3n, en diversos talleres, pero entonces lleg\u00f3 el momento decisivo, inici\u00e9 un proyecto que me llev\u00f3 a obtener la \u00fanica patente en Espa\u00f1a de una m\u00e1quina de ese tipo en 1979 que, cambiar\u00eda la vida de muchas personas, patente que, tuve que abandonar por una serie de extra\u00f1os motivos y entonces sin m\u00e1s,\u00a0di un giro a mi vida.<\/p>\n<p>Y entonces, me dediqu\u00e9 a la venta de componentes electr\u00f3nicos, como delegado de zona en marcas punteras (entonces empezaba el llamado &#8216;marketing&#8217;), s\u00f3lo ejerc\u00ed trece a\u00f1os como jefe de zona, la empresa (acogi\u00e9ndose a la crisis de los &#8217;90 que, azotaba al continente), decidi\u00f3 cerrar algunas de las delegaciones y entre otras la &#8216;m\u00eda&#8217;, permanec\u00ed en el sector, unos tres a\u00f1os m\u00e1s. Pens\u00e9, cuando me fallen los reflejos y la vista, no podr\u00e9 conducir y despu\u00e9s de meditarlo, lo dej\u00e9. Con todo lo que yo disfrutaba en ese campo.<\/p>\n<p>Finalmente, alentado por ex-clientes de la electr\u00f3nica, en los \u00faltimos a\u00f1os, me interes\u00e9 por transferir mis conocimientos a la mayor parte de personas. Qu\u00e9 pod\u00eda hacer, si no pod\u00eda pasar mis conocimientos y experiencias, a mis hijos. Fue entonces, cuando por fin, logr\u00e9 titularme y dar cursillos para el reciclado de las personas en desempleo. Con estos cursillos de; AutoCad, Office, Bases de Datos, Normas y Control de Calidad ISO-9001-3, pas\u00e9 unos cuantos a\u00f1os,<br \/>\n\u00a1\u00a1Grata experiencia!!.<\/p>\n<p>Reconozco de la docencia (y recuerdo con nostalgia) lo gratificante que es que, una persona de cierta edad que, as\u00ed mismo, no se cre\u00eda capaz, ver c\u00f3mo d\u00eda a d\u00eda, aprend\u00eda las nuevas tecnolog\u00edas y c\u00f3mo te lo agradec\u00eda, con sus gestos y sus palabras de reconocimiento. Luego sin m\u00e1s, por las cosas de la vida, deje la docencia presencial. Qu\u00e9 pod\u00eda hacer ahora, mi esp\u00edritu no se dejaba vencer.<\/p>\n<p>Entonces pens\u00e9, porqu\u00e9 no iba a seguir con ello, si no me necesitaban en las instituciones y academias docentes a las que hab\u00eda servido, ahora, me dedicar\u00eda a plasmar parte de mis conocimientos por el medio de mayor alcance, o lo iba a ser en poco tiempo, Internet. Construir\u00eda una p\u00e1gina web, me dije, sobre electr\u00f3nica en espa\u00f1ol, para que todos los que la visiten y desde todos los lugares del mundo que, as\u00ed lo decidan. Realmente empece en colaboraci\u00f3n con un compa\u00f1ero que, me proporciono un espacio en su web y eche a andar con un\u00a0nick.<\/p>\n<p>Y la inici\u00e9 en el: 18\/08\/98.<\/p>\n<p>Hecho el \u00a0 31\/10\/2000.<\/p>\n<p>Gracias, por haber llegado hasta aqu\u00ed.<\/p>\n","protected":false},"excerpt":{"rendered":"<p>\u00a1\u00a1Hola!! Mis respetos a todos mis visitantes y sobre todo, espero que encuentren lo que esperan. El autor de la presente p\u00e1gina, ha tenido la gran suerte de haber pasado por diversos empleos y de todos, ha extra\u00eddo la mejor parte, ha bebido de ellos, al tiempo que disfrutaba con el desarrollo diario de los [&hellip;]<\/p>\n","protected":false},"author":4,"featured_media":0,"parent":0,"menu_order":0,"comment_status":"closed","ping_status":"closed","template":"","meta":{"_exactmetrics_skip_tracking":false,"_exactmetrics_sitenote_active":false,"_exactmetrics_sitenote_note":"","_exactmetrics_sitenote_category":0,"footnotes":""},"class_list":["post-4264","page","type-page","status-publish","hentry"],"aioseo_notices":[],"_links":{"self":[{"href":"https:\/\/www.diarioelectronicohoy.com\/blog\/wp-json\/wp\/v2\/pages\/4264","targetHints":{"allow":["GET"]}}],"collection":[{"href":"https:\/\/www.diarioelectronicohoy.com\/blog\/wp-json\/wp\/v2\/pages"}],"about":[{"href":"https:\/\/www.diarioelectronicohoy.com\/blog\/wp-json\/wp\/v2\/types\/page"}],"author":[{"embeddable":true,"href":"https:\/\/www.diarioelectronicohoy.com\/blog\/wp-json\/wp\/v2\/users\/4"}],"replies":[{"embeddable":true,"href":"https:\/\/www.diarioelectronicohoy.com\/blog\/wp-json\/wp\/v2\/comments?post=4264"}],"version-history":[{"count":1,"href":"https:\/\/www.diarioelectronicohoy.com\/blog\/wp-json\/wp\/v2\/pages\/4264\/revisions"}],"predecessor-version":[{"id":4265,"href":"https:\/\/www.diarioelectronicohoy.com\/blog\/wp-json\/wp\/v2\/pages\/4264\/revisions\/4265"}],"wp:attachment":[{"href":"https:\/\/www.diarioelectronicohoy.com\/blog\/wp-json\/wp\/v2\/media?parent=4264"}],"curies":[{"name":"wp","href":"https:\/\/api.w.org\/{rel}","templated":true}]}}